e factors of q?
2, 29
Let c(l) = 9*l**2 - l - 8. Let f(x) = 4*x**2 - x - 4. Let n(g) = -3*c(g) + 7*f(g). What are the prime factors of n(6)?
2
Let o = 8 + -13. Let b = o - -17. List the prime factors of b.
2, 3
Let b(t) = -t**2 + 4*t. Let m be b(3). Suppose 5*l - l - 15 = -m*o, -2*o = l - 10. Suppose -r + 7 + 8 = l. List the prime factors of r.
3, 5
Let x = 14 + 42. List the prime factors of x.
2, 7
Suppose -201 + 37 = -4*j. What are the prime factors of j?
41
Let q = -86 - -56. Suppose 2*c - c = -5*v + 3, -5*c - v - 9 = 0. What are the prime factors of c/5 - 102/q?
3
Let z(f) = f - 2. Suppose -8 = -3*m - 4*c, -2*c + 1 - 11 = -2*m. Let o be z(m). Suppose o*l - 4 - 4 = 0. List the prime factors of l.
2
Let c(t) = 8*t - 8. Let z(k) = -3*k + 3. Let i(b) = 4*c(b) + 11*z(b). Let u be i(-3). Suppose u*x - 75 + 23 = 0. List the prime factors of x.
13
Suppose -2*r = 3*o - 217, r - o - 4*o - 128 = 0. Suppose 3*i - 5*u = r, 0*u + 3*u - 170 = -4*i. What are the prime factors of i?
41
Let l(r) = -3*r - 1. Let p be l(-3). Suppose u + 20 = 5*s, 0*s - 5*u + p = 2*s. Suppose 4*g - 52 = -2*h + s, 0 = 2*g - 2*h - 16. List the prime factors of g.
2, 3
Let b = -9 + 11. Suppose -2*a - 5*n = -11 - 21, -b*n = 2*a - 32. What are the prime factors of a?
2
Let d(f) be the second derivative of f**4/12 + 5*f**3/6 - 3*f**2/2 + 3*f. List the prime factors of d(-7).
11
Let x = -5 - 21. Suppose -2 = 5*t + 78. Let i = t - x. List the prime factors of i.
2, 5
Let i(q) = -5*q**2 + 11*q - 5. Let a(v) = 6*v**2 - 10*v + 4. Let l(z) = 4*a(z) + 5*i(z). What are the prime factors of l(6)?
3, 5
Suppose 4*p - s = p + 209, p - 67 = 3*s. What are the prime factors of p?
2, 5, 7
Let z = 300 + -78. What are the prime factors of z?
2, 3, 37
Let d = 42 + -27. List the prime factors of d.
3, 5
Let w(u) = -u**3 - 6*u**2 - 2*u - 8. Let p be w(-6). Suppose -p*a + 7*a = 39. What are the prime factors of a?
13
Suppose -j + u + 2*u - 18 = 0, -3*j = -4*u + 29. List the prime factors of j/(-5) - 47/(-5).
2, 5
Let p(s) = -s + 8. Let h be p(5). Suppose 2*w - 103 = -3*v + 7*w, -12 = -h*w. List the prime factors of v.
41
Suppose -2*p = c + 3*c - 8, -c - 7 = -4*p. Let o = c - -1. Suppose -o*t - 25 = -7*t. List the prime factors of t.
5
Let s = 99 + -54. What are the prime factors of s?
3, 5
Let t = -20 - -29. Let z = t - 4. Suppose 0 = -5*u + 3*c + 60, 0 = -z*u - 4*c + 24 + 1. List the prime factors of u.
3
Suppose 2*z = -0*z + 26. Suppose 5*a - z = -q, 16 = 4*q + 4. Suppose -2*d - 6 = -4*n, a*n - 1 = -2*d + 11. What are the prime factors of d?
3
Suppose n + 3*n = -16. Let j = n - -7. What are the prime factors of 2/(j + -2) + 0?
2
Let g = -1 - -6. Suppose -19 = -g*t + 106. What are the prime factors of t?
5
What are the prime factors of (-28)/(-6) - (-2)/(-3)?
2
Let m be -2*(-5)/(15/(-12)). Let o = m + 0. Let g = -5 - o. List the prime factors of g.
3
Suppose 3*c - 5*x + 54 = -4*x, -5*c = -4*x + 90. Let d be (-48)/(-27) - 4/c. What are the prime factors of -1*d/4*-14?
7
Let w be 3*(-1 - (5 + -3)). Let f(p) = -p**2 - 10*p - 4. Let v be f(w). Suppose -5*h - 3*l + 50 = 0, h - 1 = -h - v*l. List the prime factors of h.
13
Let z(g) be the third derivative of g**5/60 - g**4/3 - 2*g**3/3 + 3*g**2. List the prime factors of z(10).
2
Let n(f) = f + 1. Let z(d) be the first derivative of -3*d**2/2 - 4*d + 2. Let o(a) = -12*n(a) - 3*z(a). List the prime factors of o(-1).
3
Suppose 5 + 5 = 2*y. Suppose 3 = n, 0 = -y*v + 2*v + n + 36. What are the prime factors of v?
13
Let k(b) = -6*b + 2*b - 5 + 3*b. What are the prime factors of k(-7)?
2
Let s(z) = -5*z**2 - 8 + 3*z - 2*z + z**3 + 3. Let n be s(5). Suppose 2 + n = t. List the prime factors of t.
2
Let n(j) = -j**2 + j + 38. Suppose -5*f = -7*f. Let i be n(f). Suppose 25 = -5*l, 4*h + 2*l - 4 = i. What are the prime factors of h?
13
Suppose 200 = 2*d + 2*d. What are the prime factors of d?
2, 5
Suppose 4*c + 3*x = 30 - 116, 5*x - 90 = 5*c. Let p = -5 - c. Suppose -6 = -v + 5*o, 0*v + p = v + 4*o. What are the prime factors of v?
11
Let s = -114 + 204. List the prime factors of s*(-3 + 17/5).
2, 3
Suppose 13*i - 4735 = -1641. What are the prime factors of i?
2, 7, 17
Suppose 0 = 2*p + p + 45. Let t = p + 26. List the prime factors of t.
11
Let k be (7 - -33) + 0 + 1. Suppose 6 = -4*n - 2, 3*u = n + k. List the prime factors of u.
13
Suppose 2*n - 3*s - 138 = -2*s, 3*s + 12 = 0. Suppose -5*i + n = -18. What are the prime factors of i?
17
Let g be 3/(-2) - (-35)/10. Suppose 0*b = -y + g*b + 11, y + b - 11 = 0. What are the prime factors of y?
11
Suppose -7*b + 12*b - 400 = 0. List the prime factors of b.
2, 5
What are the prime factors of 508/11 - ((-210)/55 - -4)?
2, 23
Suppose 4*b - 23 = 9. Let r(u) = u + 1. What are the prime factors of r(b)?
3
Let a(x) = -x**2 - 14*x - 17. List the prime factors of a(-12).
7
Suppose -20*a = -24*a + 780. List the prime factors of a.
3, 5, 13
Let n be -1 - -4*(-3 - 0). Let p = n + -2. Let f = -10 - p. List the prime factors of f.
5
Suppose -138 = -4*h + 2*m, -2*m = 4*h + 2*m - 132. What are the prime factors of h?
2, 17
Let q(n) = 4*n**2 + 2*n - 20. What are the prime factors of q(-10)?
2, 3, 5
Let o = 0 - 4. Let f = 9 + o. Suppose -f*a + 32 = -a. List the prime factors of a.
2
Let j = 213 + -63. Suppose -m = -6*m + j. Suppose 5*v + 2*u + 0*u = m, 3*u + 1 = 4*v. What are the prime factors of v?
2
Let y(f) be the first derivative of -f**3/3 - 6*f**2 - 12*f - 5. List the prime factors of y(-10).
2
Let m(i) = -i**3 - 11*i**2 + 6*i - 6. List the prime factors of m(-13).
2, 127
Suppose 4*n = 4*m - 12, 5*m + 3 = -n + 6. Let c = n - -8. Let j = c - 0. What are the prime factors of j?
2, 3
Let c(g) = -5*g**2 + 9*g**2 + g**2 + 1. Let i be c(1). Suppose -y - i = -4*y. What are the prime factors of y?
2
Let l be 2/(-4)*24/(-4). Suppose l*g - 3*r - 133 = -r, 0 = -4*r + 4. Suppose -b = 4*b - g. What are the prime factors of b?
3
Let u(h) = -3*h**2 - 4*h + 10. Let d be u(8). List the prime factors of 2/(-5) - d/10.
3, 7
Suppose j + 3 = 2*j. Let s(l) = 0*l**3 + 0*l + l**j + 5*l - 4 + 6*l**2. What are the prime factors of s(-4)?
2
Suppose -2*w - 2*j = -4*j - 106, 0 = -3*w - 2*j + 149. List the prime factors of w.
3, 17
Suppose -4*f = 5*s + 118, -2*s - s = -2*f + 62. Let o = -2 - -8. List the prime factors of ((-3)/o - 0)*s.
11
Let n = -3 + 5. Suppose n*u = -k + 16, 64 = 4*k - u - 3*u. What are the prime factors of k?
2
Let y = 162 + -51. What are the prime factors of y?
3, 37
Let u be (-1 + (2 - 2))*-20. Suppose u = 4*q - 12. Let j = -6 + q. List the prime factors of j.
2
Suppose -6 = 2*a + x + x, 3*a + 4*x + 11 = 0. Let w = 11 - 18. List the prime factors of 0 + a - (w + 3).
3
Let o(t) = -20*t**3 + t**2 + t - 3. List the prime factors of o(-2).
3, 53
Let n(q) = -q**3 + 10*q**2 + 14*q. What are the prime factors of n(11)?
3, 11
Let w be 1 - (2 + 0)*1. List the prime factors of w - (2/(-2) + -12).
2, 3
Suppose 5 = -o - 4*o, 3*o + 28 = -5*f. Let j be (-50)/15*(-6)/f. Let l(g) = -g**3 - 3*g**2 + g - 5. What are the prime factors of l(j)?
7
Let x(o) = o**3 + 5*o**2 + 2*o - 1. Let c be x(-4). Let k(v) be the second derivative of -v**4/12 + 5*v**3/3 - 5*v**2 + 6*v. What are the prime factors of k(c)?
11
Let z = 18 + 5. Let y be (3 - (24 + -3)) + 2. Let i = y + z. What are the prime factors of i?
7
Let z(u) = -11*u - 7. List the prime factors of z(-9).
2, 23
Suppose -4*f = f - 60. Let k = f - -3. What are the prime factors of k?
3, 5
Suppose -5*b - 21 = -2*m, 4*m = m - 4*b - 26. Let o be 3 + 8/m - -13. Suppose o + 15 = 3*u. What are the prime factors of u?
3
Suppose 3*h = 5*h - 5*d - 25, 0 = h + d - 16. List the prime factors of (-1)/(-4) - h/(-4).
2
Let x(w) = -25*w**3 + 5*w**2 + 2*w + 2. Let v(p) = -38*p**3 + 7*p**2 + 3*p + 3. Let u(g) = 5*v(g) - 7*x(g). What are the prime factors of u(-1)?
3, 5
What are the prime factors of (3 + -20)/(2/(-8))?
2, 17
Suppose l + 3 + 0 = 0. What are the prime factors of (l - 0 - -2)*-9?
3
List the prime factors of (14 - 11)/(6/44).
2, 11
Suppose 3*t + 0*t = 12. Let a be t/(-12) - (-31)/3. Suppose -3*p = -p - a. List the prime factors of p.
5
Let c = -4 + 14. Let w = c - -10. What are the prime factors of w?
2, 5
Let r(i) = -2*i**3 + 2*i**2 + i - 7. Let s(o) = o**3 - 3*o**2 + 6. Let m(j) = -2*r(j) - 3*s(j). List the 